What is 32 (base 12) in base 10?
38
What is -5 (base 7) in base 15?
-5
Convert -10 (base 11) to base 12.
-b
What is 11 (base 2) in base 16?
3
-1000000 (base 2) to base 11
-59
Convert 6 (base 11) to base 7.
6
9 (base 14) to base 9
10
Convert 5 (base 7) to base 5.
10
-a (base 16) to base 9
-11
What is -10110 (base 2) in base 7?
-31
5 (base 12) to base 13
5
What is -7 (base 8) in base 12?
-7
Convert 29 (base 14) to base 16.
25
Convert -2 (base 5) to base 6.
-2
10011 (base 2) to base 3
201
-10 (base 2) to base 15
-2
Convert -11000 (base 2) to base 14.
-1a
What is 1001000 (base 2) in base 13?
57
What is -21 (base 14) in base 11?
-27
Convert -8 (base 15) to base 3.
-22
0 (base 13) to base 5
0
-79 (base 14) to base 8
-153
Convert 1 (base 7) to base 5.
1
Convert -a (base 14) to base 8.
-12
Convert -65 (base 9) to base 2.
-111011
Convert -3 (base 14) to base 5.
-3
Convert 111000 (base 2) to base 4.
320
5 (base 7) to base 3
12
Convert 13 (base 11) to base 3.
112
Convert 10 (base 3) to base 7.
3
Convert -405 (base 6) to base 7.
-302
What is 5 (base 10) in base 6?
5
Convert -5 (base 11) to base 15.
-5
Convert -1 (base 5) to base 4.
-1
-2 (base 11) to base 3
-2
8 (base 14) to base 5
13
Convert 28 (base 15) to base 6.
102
1 (base 2) to base 7
1
Convert 5 (base 11) to base 16.
5
228 (base 9) to base 4
2330
What is -82 (base 12) in base 7?
-200
4 (base 15) to base 14
4
What is 4 (base 12) in base 10?
4
What is a (base 11) in base 9?
11
Convert -123 (base 5) to base 3.
-1102
What is -2 (base 3) in base 2?
-10
19 (base 14) to base 7
32
What is 74 (base 16) in base 11?
a6
1 (base 3) to base 2
1
8 (base 9) to base 4
20
176 (base 16) to base 4
11312
-2 (base 4) to base 9
-2
What is 61 (base 14) in base 11?
78
What is -1 (base 3) in base 5?
-1
11 (base 6) to base 2
111
Convert -10 (base 2) to base 3.
-2
Convert 1 (base 3) to base 2.
1
-220 (base 4) to base 12
-34
What is 232 (base 5) in base 12?
57
What is -30 (base 4) in base 6?
-20
-6 (base 15) to base 5
-11
What is -10 (base 7) in base 8?
-7
Convert 1 (base 3) to base 12.
1
-19 (base 10) to base 16
-13
20 (base 3) to base 2
110
Convert 14 (base 6) to base 16.
a
Convert -54 (base 14) to base 6.
-202
-8 (base 10) to base 14
-8
Convert 5 (base 12) to base 6.
5
Convert -1211 (base 4) to base 3.
-10202
What is -1a (base 11) in base 8?
-25
-211 (base 3) to base 8
-26
What is 0 (base 7) in base 8?
0
What is 147 (base 8) in base 3?
10211
What is 2 (base 11) in base 15?
2
2 (base 12) to base 7
2
What is 1010001 (base 2) in base 15?
56
333 (base 7) to base 10
171
Convert 1011111 (base 2) to base 7.
164
What is -10001 (base 2) in base 15?
-12
What is 10 (base 10) in base 13?
a
-1 (base 7) to base 11
-1
What is -10 (base 6) in base 3?
-20
Convert 6 (base 10) to base 8.
6
-20 (base 13) to base 9
-28
0 (base 14) to base 9
0
What is 12 (base 9) in base 3?
102
Convert 0 (base 14) to base 7.
0
-1 (base 2) to base 15
-1
-102 (base 3) to base 16
-b
What is 1 (base 5) in base 4?
1
-10 (base 5) to base 10
-5
0 (base 2) to base 12
0
-96 (base 12) to base 14
-82
What is -131 (base 4) in base 3?
-1002
What is 28 (base 14) in base 12?
30
-8c (base 14) to base 5
-444
What is -6 (base 8) in base 15?
-6
What is 11111001 (base 2) in base 6?
1053
-46 (base 10) to base 9
-51
Convert -22 (base 13) to base 12.
-24
What is -113 (base 5) in base 16?
-21
What is 13 (base 14) in base 12?
15
11 (base 2) to base 11
3
-550 (base 6) to base 13
-132
-5 (base 14) to base 12
-5
What is -56 (base 11) in base 3?
-2021
What is 23 (base 8) in base 2?
10011
Convert -2 (base 11) to base 13.
-2
What is 10 (base 4) in base 3?
11
-8 (base 11) to base 3
-22
Convert -3 (base 4) to base 6.
-3
What is -6 (base 16) in base 12?
-6
34 (base 5) to base 15
14
Convert -2202 (base 3) to base 13.
-59
Convert 28 (base 12) to base 11.
2a
33 (base 8) to base 7
36
Convert -174 (base 8) to base 16.
-7c
What is -c0 (base 14) in base 7?
-330
2 (base 9) to base 12
2
-16 (base 13) to base 5
-34
Convert 0 (base 5) to base 6.
0
Convert -5 (base 15) to base 4.
-11
Convert -3 (base 10) to base 11.
-3
14 (base 16) to base 10
20
What is 5 (base 7) in base 16?
5
What is 0 (base 16) in base 11?
0
2 (base 6) to base 7
2
Convert -12b (base 12) to base 8.
-263
What is 3 (base 12) in base 9?
3
Convert -13 (base 5) to base 16.
-8
-1f (base 16) to base 4
-133
What is 40 (base 10) in base 4?
220
-7 (base 13) to base 8
-7
7 (base 16) to base 12
7
Convert 2001 (base 3) to base 13.
43
What is -3 (base 4) in base 9?
-3
Convert -43 (base 12) to base 6.
-123
-67 (base 14) to base 6
-231
What is -10 (base 4) in base 9?
-4
What is -46 (base 11) in base 3?
-1212
Convert -14 (base 11) to base 13.
-12
9 (base 16) to base 14
9
What is -19 (base 10) in base 8?
-23
Convert 5 (base 11) to base 7.
5
Convert 102 (base 6) to base 8.
46
3 (base 12) to base 11
3
Convert 110 (base 2) to base 12.
6
12c (base 13) to base 8
317
-27 (base 10) to base 4
-123
What is -101 (base 8) in base 11?
-5a
What is -1100 (base 2) in base 14?
-c
Convert 1332 (base 4) to base 9.
150
40 (base 11) to base 13
35
What is -140 (base 5) in base 14?
-33
What is -3 (base 4) in base 11?
-3
Convert -4 (base 12) to base 8.
-4
What is -44 (base 8) in base 7?
-51
Convert 12 (base 10) to base 2.
1100
3 (base 5) to base 6
3
-4 (base 14) to base 10
-4
-46 (base 10) to base 14
-34
What is -49 (base 10) in base 13?
-3a
Convert 120 (base 4) to base 5.
44
What is 0 (base 8) in base 11?
0
What is 12 (base 4) in base 7?
6
Convert -80 (base 15) to base 4.
-1320
What is 6 (base 14) in base 2?
110
316 (base 10) to base 2
100111100
-10 (base 2) to base 9
-2
-33 (base 16) to base 9
-56
Convert -4 (base 6) to base 4.
-10
What is -4 (base 13) in base 3?
-11
Convert 14 (base 8) to base 9.
13
-11 (base 14) to base 7
-21
Convert 61 (base 10) to base 6.
141
22 (base 4) to base 13
a
What is 1100 (base 2) in base 15?
c
-104 (base 6) to base 11
-37
10 (base 4) to base 13
4
1010 (base 2) to base 12
a
Convert -2 (base 7) to base 8.
-2
What is -242 (base 5) in base 14?
-52
Convert -121 (base 10) to base 2.
-1111001
What is 420 (base 6) in base 3?
12210
-403 (base 6) to base 15
-9c
What is -104 (base 6) in base 12?
-34
Convert -31 (base 8) to base 5.
-100
-2212 (base 3) to base 13
-5c
Convert 143 (base 5) to base 13.
39
-d4 (base 14) to base 16
-ba
Convert 201 (base 4) to base 15.
23
What is -2002 (base 5) in base 8?
-374
-431 (base 5) to base 14
-84
Convert -103 (base 5) to base 11.
-26
Convert -a (base 11) to base 14.
-a
Convert 133 (base 7) to base 11.
67
37 (base 8) to base 4
133
What is 1305 (base 6) in base 12?
235
20 (base 3) to base 12
6
What is -65 (base 15) in base 2?
-1011111
What is -13 (base 9) in base 14?
-c
Convert -1 (base 2) to base 15.
-1
What is -4 (base 5) in base 11?
-4
-3 (base 15) to base 3
-10
110 (base 3) to base 11
11
Convert -29 (base 11) to base 6.
-51
3 (base 10) to base 11
3
Convert -1 (base 2) to base 11.
-1
Convert -3 (base 4) to base 7.
-3
-140 (base 5) to base 7
-63
Convert -1310 (base 5) to base 11.
-177
7 (base 8) to base 10
7
5 (base 10) to base 15
5
What is 8c (base 16) in base 6?
352
Convert 23 (base 7) to base 6.
25
-63 (base 9) to base 11
-52
-55 (base 15) to base 11
-73
Convert 70 (base 15) to base 12.
89
9 (base 14) to base 3
100
Convert -19 (base 14) to base 16.
-17
Convert -4 (base 10) to base 7.
-4
Convert 6 (base 16) to base 15.
6
What is -21 (base 11) in base 4?
-113
Convert 4 (base 8) to base 13.
4
-3210 (base 5) to base 4
-12232
What is 3 (base 9) in base 4?
3
3 (base 14) to base 7
3
What is -1026 (base 7) in base 11?
-300
Convert -20 (base 4) to base 14.
-8
Convert 63 (base 7) to base 6.
113
What is 5 (base 16) in base 5?
10
0 (base 9) to base 16
0
263 (base 8) to base 12
12b
Convert 2 (base 7) to base 15.
2
-61 (base 13) to base 8
-117
Convert -1201 (base 3) to base 10.
-46
Convert 33 (base 4) to base 11.
14
Convert 14 (base 14) to base 13.
15
10d (base 14) to base 9
252
What is -63 (base 7) in base 12?
-39
What is 4 (base 14) in base 6?
4
Convert -25 (base 12) to base 8.
-35
What is 10 (base 5) in base 6?
5
-86 (base 9) to base 5
-303
211 (base 4) to base 7
52
234 (base 5) to base 9
76
-50 (base 13) to base 5
-230
26 (base 15) to base 2
100100
What is -3 (base 11) in base 5?
-3
What is 2 (base 8) in base 16?
2
13 (base 1